s digit of q(c)?
2
What is the hundreds digit of 1*-8*(0 + -30 + 3)?
2
What is the hundreds digit of -5 - -2*169 - -3?
3
Let z be 2 + 6/(-2) + 6. Let i(g) = 2*g + 7. What is the units digit of i(z)?
7
Let u(n) = 2*n**2 - 4*n + n + n**3 - 4 + 3*n**2. Let z = -6 + 1. What is the tens digit of u(z)?
1
Let p(x) be the second derivative of -x**5/20 + x**4/3 + x**3/6 + x**2/2 + x. Let k be p(3). Suppose 5*r - 7 = k. What is the units digit of r?
4
Suppose -3*p - 20 = -2*p. Let u = p - -30. Suppose n - 3*n = -u. What is the units digit of n?
5
Let g(p) = -6. Let w(l) = -l + 1. Let b(a) = g(a) + 2*w(a). What is the units digit of b(-4)?
4
Let d = -19 + 12. Let b = d + 13. Let c = b - -3. What is the units digit of c?
9
Suppose 3*k - 2*k = -b + 8, -3*b + 3*k + 6 = 0. What is the units digit of b?
5
Let d(o) = 5 + o**2 + 3 - 5*o + 1 - 4*o. Let u be d(8). Let x = u + 10. What is the tens digit of x?
1
Let x = 0 + 4. Suppose z = -x*z - 330. What is the tens digit of (z/12)/(1/(-2))?
1
Let h be 1/(((-12)/15)/4). Let j = 7 + h. What is the units digit of 1 - (-1 - 5)/j?
4
Let x be 3 + -2 - (0 - 10). Suppose 3*z = -9, -2*z = -4*f - 29 + x. What is the units digit of 424/40 + f/10?
0
Suppose 0*o - 5*o + 165 = 5*t, 0 = -t - 2*o + 35. Suppose 5*j - t = 14. What is the units digit of j?
9
Let s(m) = -m**3 - 6*m**2 + 6*m - 4. Let c be s(-7). Let l = 13 - c. What is the tens digit of l?
1
Let r(v) = -3*v**3 + 19*v**2 + 25*v - 13. Let o(d) = 2*d**3 - 13*d**2 - 17*d + 9. Let p(a) = 7*o(a) + 5*r(a). What is the units digit of p(5)?
3
Let q(y) = 3*y**2 - 21*y - 14. What is the units digit of q(10)?
6
Suppose 5*z = -0*f + 4*f + 162, 3*z - f = 93. What is the tens digit of z?
3
Suppose -7*y + 438 = -164. What is the tens digit of y?
8
What is the units digit of 53/(2/(4 + -2))?
3
Let m(y) = -y - 6. Let s(a) = -6*a**2 + a. Let r be s(-1). Let c be m(r). Suppose c - 12 = -k. What is the units digit of k?
1
Let m(u) = 4*u**2 + 2*u + 1. Let n be m(-1). Suppose 105 = 2*j - 3*p, -n*p = 3*j - 8*p - 157. What is the units digit of (-5)/(-35) + j/14?
4
Suppose -5*h = -3*h + 6. Let t = h - -3. What is the units digit of t - 2/(2/(-1))?
1
Let b(t) = 0*t**3 + 1 + 0*t**3 + 2*t**2 + 5*t - t**3 - 6*t**2. What is the units digit of b(-5)?
1
Let q = 670 - 393. What is the tens digit of q?
7
Suppose 4 = 2*c - 118. What is the tens digit of c?
6
Let m = 1 + 1. Suppose -j + p + 4 = 0, -p = m*j + p + 4. What is the units digit of j?
1
Suppose -5*k + 3 = t, 0 + 2 = 2*k. What is the units digit of (t/(-3))/((-4)/(-30))?
5
Let k(j) = -j**2 + 2*j + 3. Let m be k(0). Suppose -5*a = 3*y - 91, 50 = 2*a + m*y + 10. What is the tens digit of a?
1
Suppose j = -z - 3 - 3, 0 = -2*z + j - 6. Let g(c) = -c**2 + 11*c - 13. Let l be g(9). Let t = l + z. What is the units digit of t?
1
Suppose -5*b - 4*y = 0, -5*b - 4*y = -3*y. Suppose -5*v - 3*k + 4*k + 10 = b, 3*v + 2*k - 19 = 0. Suppose 15 + v = 3*p. What is the units digit of p?
6
What is the units digit of (-27)/(-18)*8/6?
2
Let r(n) = -n**3 - 6*n**2 - 2*n + 3. Let l be r(-3). Let v be (2*-1)/2*-18. What is the units digit of 4/l - (-238)/v?
3
Let b(j) = -j**2 + 5*j + 7. Let h(a) = a**2 - 2*a - 3. Let u(x) = x**2 + 4*x - 2. Let c be u(-4). Let f be h(c). What is the units digit of b(f)?
7
Suppose 5*c - 10 = -5*i, 2*i - 5 = -4*c + 1. Let v = 4 - i. Suppose -4*b + 16 = -3*b - v*f, 2*f = -4. What is the units digit of b?
0
Let o(v) = -3. Let k(d) = -d + 3. Let x(n) = 5*k(n) + 4*o(n). Suppose 4*z = -5 - 7. What is the units digit of x(z)?
8
Let c be 1 + -2 + 0/(-2). Let j be 10/(-6) - (-2)/(-6). Let k = c - j. What is the units digit of k?
1
Let u(j) = -j**2 - 8*j - 1. Let g be u(-6). Let i = g + -1. What is the tens digit of i?
1
Let x(b) be the first derivative of b**4/4 - b**2 - b + 2. Let k be 32/18 + (-4)/(-18). What is the units digit of x(k)?
3
Suppose -7 = 4*v + 1. Let u = 0 - v. Suppose -5*r + 42 = 2*x, -r + 7 = -u*x - 11. What is the tens digit of r?
1
Let t(j) = -j**3 + 8*j**2 - 8*j + 9. Let v be t(7). Let u = v + 0. Suppose -6 = -u*s - 5*a, -a + 7 = 2*s - 7. What is the units digit of s?
8
Suppose 6 = 4*k - 10. Let q be (0 - 1)/(1/(-3)). Suppose -49 - q = -k*f. What is the tens digit of f?
1
Let l be (2 + (-2 - 0))/(-1). Suppose -4*f + 0*f + 12 = l. What is the units digit of f?
3
Let r(p) = -p**3 + 4*p**2 - 3*p. Let n be r(2). Suppose k + 32 = n*k. What is the tens digit of k?
3
Let r be 0 - (4 + -2 + 13). What is the units digit of 38/8 + r/20?
4
Let j(u) = -u**2 - 9*u - 5. Let m be (27/(-6) + 0)*-2. Suppose 35 = 4*f - m*f. What is the units digit of j(f)?
9
Let u(g) = -13*g + 3 + 1 + 18*g. What is the tens digit of u(3)?
1
Let c(a) = 0*a**3 + 4*a**3 - 2*a**3 + 1. Let u be c(-1). What is the units digit of (27/6)/(u/(-2))?
9
Suppose x + 3*x + 3*h - 93 = 0, 0 = h + 1. Let b be (x/(-20))/(1/(-5)). Suppose -u = u - b. What is the units digit of u?
3
Suppose -9*b + 374 + 184 = 0. What is the units digit of b?
2
Suppose -4*w + 36 = 4*v, 2*w + 27 = 3*v + 6*w. What is the units digit of v?
9
Suppose -2343 = 2*v - 13*v. What is the units digit of v?
3
Suppose 0 = -4*o - m - 10 + 87, -4*m = -o + 32. What is the tens digit of o?
2
Let u be 44 + -1 + 4/(-2). Let n = u - 20. What is the units digit of n?
1
Let n(r) = 4 - 4 - 3 + 2*r**3 + 3*r - r**3 + 6*r**2. What is the units digit of n(-5)?
7
Let s be (-265)/3 + 2/6. Let d = -53 - s. What is the units digit of d?
5
Suppose -2*m + 35 = -5*n - 22, -n - 105 = -4*m. What is the tens digit of m?
2
Let c = 16 - 18. What is the units digit of 2*(-33)/6*c?
2
What is the tens digit of (-170)/(-4)*(-36)/(-45)?
3
Suppose -2*v - 22 = 2*n, 39 = -5*n - 3*v + 2*v. Let g be (-1 + -2)/(9/6). Let j = g - n. What is the units digit of j?
5
Suppose i + 5*s = 3, -9 = -3*i + 4*s + s. Let v be (14 - 1) + (-1 - 0). Let h = v - i. What is the units digit of h?
9
Let z(n) = 101*n - 3. What is the units digit of z(1)?
8
Let d = -30 + 60. What is the units digit of d?
0
Let h(p) = p**3 - 2*p**2 + 1. Let f be h(1). Suppose j + j - 2 = f. What is the units digit of j?
1
Suppose -2*u = -4*u + 8. Suppose 0 = -u*r + 7 + 9. Suppose -t = -2*w - r, w = -w - 2. What is the units digit of t?
2
Suppose -s - 4 = -0*s. What is the units digit of 8/(2/s - -1)?
6
Let f be (-2)/(-6) + (-39)/9. Let w = 13 + f. What is the units digit of w?
9
Let q(o) = 2*o - 6*o + 3*o - 4. Let f be q(-6). Suppose i - f*c = -5*c - 8, c = 3*i - 16. What is the units digit of i?
4
Let g = -2 - -2. Suppose g = -3*n + 34 - 10. What is the units digit of n?
8
What is the tens digit of (-9)/6*-2 + 32?
3
Suppose 6 = -2*n + 70. What is the tens digit of n?
3
Let z = 122 + -81. What is the tens digit of z?
4
Let u = -33 - -58. What is the units digit of u?
5
Let t = -4 - 49. Let p = -22 - t. What is the units digit of p?
1
What is the units digit of (32/12)/(2/30)?
0
Let j = 52 - 15. What is the tens digit of j?
3
Suppose -3*f + 9 = -7*n + 4*n, -5*n - 5*f + 35 = 0. Suppose a = j - 17, -2*j - n*a + 38 = -0*j. What is the tens digit of j?
1
Let p(z) = z**3 + 7. Let a be p(0). Suppose -11 - a = -2*c. What is the units digit of c?
9
Suppose 0*p = -4*c - 2*p - 72, 36 = -3*c + 3*p. What is the units digit of 1 - 0 - (-2 + c)?
9
Let a = -14 + 26. Suppose -a = -5*t + 2*t. What is the units digit of t?
4
Let s be 3 - 0 - -5 - -2. What is the units digit of (9/(-15))/((-2)/s)?
3
Let j(q) = -q**2 + 3*q + 9. Let v be j(4). Suppose -v*o = -2*p - 63, 2*o = p + 3*p + 22. What is the tens digit of o?
1
Suppose 3*j - 26 = j. Let r = -5 + j. What is the units digit of r?
8
What is the tens digit of (188/(-12) - -1)/(2/(-12))?
8
Let k(b) = -3 + 5*b + 2 + 2*b. What is the tens digit of k(2)?
1
Suppose 3*n + w - 25 = 0, 22 = 2*n + w + w. Let m(y) = y**2 - 4*y - 2. What is the tens digit of m(n)?
1
Let n be 8/(-12) + (-5)/(-3). Let m(z) = 7*z + 1. What is the units digit of m(n)?
8
Let l(z) = -z**3 + 13*z**2 - z - 18. What is the units digit of l(12)?
4
Let t(h) = 5*h + 35. Let r be t(-7). Let o be 8/10*(-5)/(-1). Let c = r + o. What is the units digit of c?
4
Let p(a) = a**3 + 4*a**2 - 5*a + 5. Let v be p(-5). Suppose -2*w - 2*w = -4, v*g = -2*w + 2. Suppose g*d = 3*d - 30. What is the tens digit of d?
1
Suppose -2*a = 10, -495 = -2*w - 4*a + 15. What is the units digit of w?
5
Let a(p) = 